(8 - 5 - 4) + 6.
5
What is -4 + 4 + 5 + -7?
-2
Calculate 1 + -1 + 0 + (8 - 10).
-2
Calculate -3 + (1 - 0) + -2 - 1.
-5
What is the value of -43 - -35 - (3 - 1 - 9)?
-1
Evaluate (-2 - (-2 - -10)) + 7.
-3
Calculate 2 + (6 + -4 - 2) - 3.
-1
Evaluate -1 - ((0 - (2 + 1)) + 5).
-3
What is the value of 0 + 0 + -6 + 10?
4
Calculate -8 - (-6 - -7) - -16.
7
-1 + 0 + 2 + (188 - 183)
6
What is (2 - -4 - 4) + 2?
4
What is -4 + 7 + -4 + -6 + 0?
-7
What is -5 + (23 + -17 - (0 - -4))?
-3
Calculate 4 + (1 - 12 - (-2 - 0)).
-5
What is -1 - 9 - (-50 - -45)?
-5
What is the value of 9 + -5 - (9 - 9)?
4
Calculate -1 - (9 + -4 + -7) - -5.
6
What is the value of -8 + (-4 - -15) - 5?
-2
Calculate (-2 - -3) + (-4 - (0 + -1)).
-2
4 - (10 - (5 + -7))
-8
-13 + -1 + 15 + -8 + -2
-9
What is the value of 0 - (6 - (4 + -1) - -2)?
-5
What is -5 + (6 - 8 - -3) - 2?
-6
What is 5 + -12 + 0 + 4?
-3
What is 0 - ((-9 - -3) + 4)?
2
Evaluate 3 + (-6 - 2) - (8 - 13).
0
Evaluate -2 - (-3 + 2 - -3).
-4
What is the value of (0 - 2) + 6 + -2?
2
What is (6 - 3) + -10 - -4?
-3
Evaluate -3 + 3 + 20 + -19.
1
What is 2 + 0 + 4 + -25 + 13?
-6
Calculate 2 - 1 - (6 + -9).
4
(-4 - -6 - 9) + (12 - -1)
6
What is (-1 - -2) + (-59 - -60)?
2
Evaluate 7 - (-7 + -7 + 10 + 12).
-1
What is the value of -12 + 10 + -7 + 5?
-4
Evaluate 10 - (12 + -7 + 0).
5
Evaluate (10 - 2) + -32 + 22.
-2
What is the value of (1 - 2) + 1 - (4 - 5)?
1
What is the value of 2 - (8 + -2 + -2) - -3?
1
Calculate -3 + 4 + 0 + -1 + 1.
1
Calculate 6 - (10 - 1 - 6 - -3).
0
-3 - (-2 + 4 - 7) - 3
-1
14 - (1 + 0 - (0 + -6))
7
What is 4 + 0 + -1 + 2 + -1?
4
Calculate -7 - ((0 - 0) + 2 + -5).
-4
Evaluate 2 + (-1 - -2) + (-9 - -10).
4
What is the value of 3 + -1 + 4 + -1 + 1?
6
What is the value of -3 - (15 + -10) - -10?
2
-6 + 1 + (1 - -2 - -4)
2
What is -2 - -1 - (1 - 5 - -7)?
-4
Evaluate 1 + -2 + 2 + 14 + -14.
1
-2 + (-1 - (-2 + 3) - -8)
4
Evaluate -14 - -11 - (2 + -14).
9
Evaluate (1 - (-3 + 1)) + -4 - -6.
5
(3 - (4 + 0)) + 3 + 0
2
What is the value of 6 - ((18 - 0) + -9)?
-3
Calculate -1 + 3 - (-54 - -50).
6
(2 - 0) + (-7 - 1 - 3)
-9
What is 6 + (-8 - -7) - (3 - 0)?
2
What is (-8 - (-30 - (-5 - 2))) + -6?
9
Calculate 4 + 0 + -10 - -12.
6
What is the value of 11 - (-1 + -4 - (-4 - 6))?
6
What is -4 - -8 - 1 - 3?
0
What is the value of 1 + -2 + 0 + -3 - 0?
-4
-2 + 10 + -6 - (1 + -5)
6
Evaluate 11 + -5 + (-4 - 0).
2
What is the value of 3 + -13 + 2 - -2?
-6
What is the value of 3 + 5 - (-7 - -28 - 4)?
-9
What is (3 - 1 - 0) + 2?
4
Evaluate (7 - (4 + 10)) + 9.
2
What is -5 - (0 + (-1 - 3))?
-1
Calculate (-4 - -5 - -1) + (1 - 2).
1
What is (1 - 2) + 0 + 34 + -26?
7
11 + -23 + 15 - -5
8
Evaluate -1 - 1 - 1 - (1 - 4).
0
Evaluate -3 - (-10 - (-5 + -1 + 3)).
4
Calculate 1 + -1 + (5 - 9) - 1.
-5
0 + (4 - ((1 - 4) + 4))
3
What is the value of 0 - 2 - 0 - (4 - 2)?
-4
Calculate 1 + 18 - (9 - -1).
9
Evaluate -1 + 0 - (-23 - -23).
-1
Evaluate -1 - -8 - (-26 + 34).
-1
8 + 1 + -9 + (-10 - -13)
3
What is 9 + -4 + 2 - 2?
5
Evaluate -4 + 5 - 2 - (-1 + -1).
1
Evaluate 4 - (4 - 5 - (-13 - -4)).
-4
Evaluate 2 + 5 + (37 - 39).
5
What is (-4 - 3) + 5 - -1?
-1
What is 4 - (-4 + 6 + 2)?
0
Calculate (2 - -2) + (9 + 5 - 11).
7
Calculate 3 - (4 + (0 - (9 - 3))).
5
Calculate -1 - 0 - -3 - (-7 - -5).
4
Calculate 1 + -3 + -1 - (-1 + -3).
1
2 + 0 - (20 + -22) - 11
-7
Calculate 13 + -17 - (-4 - 1).
1
Calculate (-1 - 0) + -17 + 8 + 13.
3
What is 6 - ((-4 - -4) + -2) - 4?
4
Calculate -5 + (6 - (-1 + 3) - 4).
-5
(15 - 13) + -7 + 1
-4
3 + -5 - (2 + 0) - -6
2
What is the value of 1 + -4 - (-5 + (0 - -2))?
0
What is the value of 1 - (3 + (-5 - -5) + -2)?
0
-5 - (-7 + 1 + 1)
0
What is 0 + 0 + (18 - 12) + -9?
-3
What is -4 + (6 - (2 - (1 + -2)))?
-1
What is the value of (0 - 12) + 11 + (-4 - -2)?
-3
Calculate -6 + 4 - 1 - -1.
-2
What is -8 - -6 - (-3 - (-1 + -2))?
-2
What is the value of -7 + (2 - (-1 + 1))?
-5
2 + (-4 - (3 + -9))
4
What is the value of -4 + 3 - (1 + -5 + 2)?
1
(3 - (8 + -1 - 2)) + 5
3
Calculate 0 - (1 + 2) - (-2 - 4).
3
Evaluate (7 - -6) + -8 - (3 + -2).
4
Calculate (-4 - -3) + 8 + -15 - -5.
-3
What is the value of (-3 - 1) + (-1 - -5) - 6?
-6
(-6 - 6 - -5) + 5
-2
Evaluate 8 - 6 - (5 - -1).
-4
What is 15 + -16 + -7 + (-2 - 0)?
-10
What is -1 - -10 - (-15 - -19)?
5
-1 + 1 + (15 - 14) - 7
-6
(99 - 107) + (2 - 2 - -1)
-7
What is the value of -4 + 6 + 2 + -2?
2
10 - 2 - (7 - 2)
3
Evaluate -2 + -1 - (-5 - (-4 + 4)).
2
What is -5 + 1 + -16 + 10?
-10
Calculate 3 - 3 - -3 - (3 + 5).
-5
What is 1 + (0 - 2) - -3?
2
(-4 - 0) + 5 + (-5 - -2)
-2
25 - 6 - (13 - 4)
10
Calculate -12 + (7 - -3) + 8.
6
Evaluate -8 + (-9 - -7) + 16.
6
What is 6 - (6 + -2) - -3?
5
What is the value of 2 - (2 + 5 + -3)?
-2
-13 - -6 - 4 - -6
-5
-4 + 0 - ((4 - 7) + 1)
-2
Calculate -1 + 3 - 4 - -3.
1
(-1 - (-2 - -2)) + (48 - 48)
-1
What is the value of (-2 - -6) + 0 + -4 + 3?
3
Calculate -1 - (1 + 1 - -2) - 0.
-5
What is the value of -4 + (4 - -3) + -6?
-3
Evaluate 6 - ((18 - 5) + -8).
1
Calculate (0 - 2) + 8 - (-170 - -175).
1
What is the value of -4 + 1 - (1 - 1 - 0)?
-3
Evaluate -7 - ((-2 - 8) + 7).
-4
-3 + 8 - (-1 - -2 - -6)
-2
Calculate 0 - ((-9 + 6 - -2) + 8).
-7
Evaluate (-94 - -89) + 2 + (-1 - -1).
-3
Calculate -2 + -5 + (-1 - 0 - -5).
-3
What is 11 - (-3 + -2 + 12)?
4
What is the value of -2 + 6 + -4 + 4?
4
What is the value of 1 + (-5 - 2) - -2?
-4
Evaluate (-1 - 2) + (7 - 1).
3
Calculate 0 + 2 + 58 + -59.
1
What is -11 + (1 - -15) - 0?
5
2 + 1 + 1 + -2
2
Calculate 7 - ((16 - 17) + (1 - -8)).
-1
0 - 0 - (6 + -4) - 1
-3
Evaluate 2 + (1 - 7) + (3 - 2).
-3
-4 + (4 - (3 - 6))
3
-1 - (5 - 7 - (0 - 1))
0
Evaluate -2 + (0 + 5 - (1 + 0)).
2
Evaluate 5 + -7 + (-7 + 7 - -7).
5
Calculate 1 + 1 - (13 - 6).
-5
What is (4 - (-4 - -2 - -3)) + 1?
4
Evaluate -4 + (-3 - -11 - 0 - 1).
3
Calculate -6 - (-16 + 3 + -1 + 6).
2
Calculate -3 - (-5 + 11 + -5).
-4
Calculate 14 - (-2 + 11 + -4) - 5.
4
Calculate -5 - (-1 + 3 + (8 - 10)).
-5
What is 5 + (5 - 12 - (-2 - -1))?
-1
Calculate -1 + 6 + -3 + 1.
3
What is (2 - -8) + -5 + -4?
1
Evaluate -11 + 21 - (7 - 2).
5
What is 9 - 0 - (3 + (-1 - -2))?
5
Calculate -1 + -8 + 8 + -2 - -2.
-1
What is the value of (-14 - 0) + 0 + 9?
-5
What is the value of 2 - (4 - (8 - 5))?
1
6 - (-5 + (18 - 10))
3
What is (4 - (2 - 0 - 5)) + -2?
5
What is the value of (-9 - -4) + 5 - 5?
-5
What is the value of 7 - ((16 - 7) + -1) - -5?
4
-1 - (-1 + (-4 + 5 - -4))
-5
What is -1 + 6 - (-11 + 12)?
4
Calculate -1 + (3 - 0) + (2 - -1).
5
2 - ((-2 - -7) + 1) - -5
1
What is -4 + (-2 - (0 + -4))?
-2
What is (-5 - 6) + 10 - (1 + -7)?
5
Calculate -2 + (4 - 4) + -1.
-3
Evaluate -3 + 4 + -1 + 2 + 1.
3
(4 - 10) + 1 - (-4 + -2)
1
What is 6 + -3 - (-4 - 0)?
7
What is 14 - 6 - 2 - (-1 + 6)?
1
What is -7 + -3 + 8 - -8?
6
Evaluate 1 - (2 - (-1 + 4)).
2
Calculate -9 - -2 - -19 - 7.
5
What is (-6 - -1) + 2 + (3 - 0)?
0
What is the value of 5 - (0 - (1 + (0 - 2)))?
4
What is (-8 - (-2 - 2)) + 3?
-1
What is -18 + -10 + 8 + 13?
-7
What is 10 - 11 - (-5 - (-3 + 2))?
3
What is the value of 0 - (-1 - (-4 + (0 - -2)))?
-1
11 + (-3 - -7) + 27 + -32
10
What is the value of (8 - 15) + (7 - 1)?
-1
What is (-1 - 2) + (21 - 23) - -10?
5
1 + (-2 - (-7 - -2 - -3))
1
(-13 + 11 - (0 - -1)) + 1
-2
Evaluate (-1 - (-10 - (1 - 7))) + -4.
-1
What is 6 + (-20 - -7) - (0 + -1)?
-6
Evaluate (-1 + 7 - 13) + 1.
-6
Calculate (3 - (1 + 2 + -3)) + -1.
2
What is the value of 6 + (5 - (-5 - -10)) + -1?
5
What is 2 + 5 + -1 + -8?
-2
Calculate 5 + (-4 - (4 + -5)).
2
Calculate -1 + 0 + -4 + 1.
-4
What is (2 - -1) + 12 + -20?
-5
What is the value of 4 - 13 - -2 - -4?
-3
0 - -6 - 5 - 5
-4
What is the value of (-2 - -3) + -1 - 3?
-3
What is the value of -6 - (5 + -10) - -6?
5
(-8 + 6 - -8) + -8
-2
What is the value of (-3 - -3 - -3) + (4 - 3)?
4
-5 - (-1 + 3 - 6) - 2
-3
What is the value of -6 - (7 - 7) - -1?
-5
What is the value of -6 - (-1 - (7 + -4 + -3))?
-5
What is 1 + -1 - (-20 + (32 - 16))?
4
What is 2 + 1 - 13 - -9?
-1
Calculate 4 + 0 + -1 + -5.
-2
What is the value of 15 + (-8 + 10 - 11)?
6
7 + -5 + -5 + -1
-4
What is (-7 - (1 - 6)) + 4 + 1?
3
What is 13 + -4 + -13 + 6?
2
What is the value of (5 - 5) + (-1 - 4)?
-5
What is -3 + (-1 - -8 - 2) - 2?
0
What is (1 - 3 - -2) + 4?
4
7 - (2 - -1 - -4)
0
What is -31 - -41 - (8 + 2)?
0
What is 3 